5
What is the units digit of 963779?
9
What is the hundreds digit of 7714975?
9
What is the hundred thousands digit of 635668?
6
What is the ten millions digit of 19970436?
1
What is the units digit of 8754211?
1
What is the units digit of 19921?
1
What is the hundreds digit of 23239578?
5
What is the units digit of 734968?
8
What is the millions digit of 1866269?
1
What is the tens digit of 14599282?
8
What is the tens digit of 659188?
8
What is the hundred thousands digit of 764766?
7
What is the hundred thousands digit of 367215?
3
What is the tens digit of 227836?
3
What is the hundreds digit of 41860?
8
What is the tens digit of 193838?
3
What is the thousands digit of 55046?
5
What is the units digit of 517730?
0
What is the thousands digit of 1774258?
4
What is the tens digit of 2286363?
6
What is the thousands digit of 4479332?
9
What is the units digit of 6892304?
4
What is the ten thousands digit of 386512?
8
What is the thousands digit of 100783?
0
What is the units digit of 898807?
7
What is the units digit of 1710106?
6
What is the hundred thousands digit of 2750511?
7
What is the ten thousands digit of 643830?
4
What is the thousands digit of 542968?
2
What is the tens digit of 200180?
8
What is the thousands digit of 8693?
8
What is the hundred thousands digit of 223637?
2
What is the units digit of 601897?
7
What is the millions digit of 8869828?
8
What is the ten thousands digit of 121903?
2
What is the hundreds digit of 425006?
0
What is the thousands digit of 66651?
6
What is the tens digit of 3385321?
2
What is the tens digit of 11857772?
7
What is the hundreds digit of 6920641?
6
What is the hundreds digit of 5629929?
9
What is the hundreds digit of 159474?
4
What is the units digit of 1270560?
0
What is the millions digit of 3728640?
3
What is the thousands digit of 20396437?
6
What is the ten thousands digit of 12004727?
0
What is the tens digit of 144521?
2
What is the tens digit of 1498300?
0
What is the ten thousands digit of 71128?
7
What is the ten thousands digit of 533960?
3
What is the hundred thousands digit of 2909161?
9
What is the ten thousands digit of 16044823?
4
What is the tens digit of 1564115?
1
What is the thousands digit of 2527090?
7
What is the thousands digit of 997760?
7
What is the units digit of 1810083?
3
What is the hundreds digit of 62996?
9
What is the units digit of 1962214?
4
What is the ten thousands digit of 2674593?
7
What is the hundreds digit of 93314?
3
What is the units digit of 339036?
6
What is the ten thousands digit of 25913?
2
What is the thousands digit of 256765?
6
What is the units digit of 1470650?
0
What is the thousands digit of 6743572?
3
What is the hundred thousands digit of 2399425?
3
What is the units digit of 8412064?
4
What is the thousands digit of 359567?
9
What is the hundreds digit of 306836?
8
What is the ten thousands digit of 3597004?
9
What is the millions digit of 1814667?
1
What is the units digit of 3242545?
5
What is the thousands digit of 16921?
6
What is the ten thousands digit of 65960?
6
What is the hundreds digit of 471974?
9
What is the units digit of 1552287?
7
What is the hundreds digit of 2353264?
2
What is the ten thousands digit of 245246?
4
What is the hundreds digit of 523974?
9
What is the ten thousands digit of 1403074?
0
What is the hundred thousands digit of 7117162?
1
What is the units digit of 858796?
6
What is the hundreds digit of 202713?
7
What is the ten thousands digit of 22610812?
1
What is the hundreds digit of 1620395?
3
What is the thousands digit of 29194881?
4
What is the units digit of 248948?
8
What is the tens digit of 600182?
8
What is the units digit of 5887971?
1
What is the thousands digit of 1745846?
5
What is the hundred thousands digit of 6727388?
7
What is the tens digit of 3219808?
0
What is the hundred thousands digit of 4952694?
9
What is the hundreds digit of 22884309?
3
What is the millions digit of 2976137?
2
What is the hundred thousands digit of 11139083?
1
What is the ten thousands digit of 18905100?
0
What is the units digit of 2037942?
2
What is the units digit of 269308?
8
What is the hundred thousands digit of 22380957?
3
What is the tens digit of 101908?
0
What is the hundreds digit of 423461?
4
What is the units digit of 4239268?
8
What is the hundred thousands digit of 1693808?
6
What is the millions digit of 5794830?
5
What is the hundred thousands digit of 715038?
7
What is the ten thousands digit of 139426?
3
What is the hundreds digit of 240407?
4
What is the ten thousands digit of 154929?
5
What is the units digit of 466022?
2
What is the hundreds digit of 385360?
3
What is the ten thousands digit of 47989?
4
What is the hundred thousands digit of 5056178?
0
What is the units digit of 13830281?
1
What is the hundreds digit of 9340458?
4
What is the units digit of 7194398?
8
What is the hundred thousands digit of 7631492?
6
What is the hundreds digit of 6245144?
1
What is the hundred thousands digit of 33584260?
5
What is the thousands digit of 7390?
7
What is the tens digit of 892273?
7
What is the units digit of 8613889?
9
What is the tens digit of 1308271?
7
What is the units digit of 1325536?
6
What is the units digit of 702364?
4
What is the ten thousands digit of 11575786?
7
What is the ten thousands digit of 379687?
7
What is the millions digit of 13907863?
3
What is the hundreds digit of 3569869?
8
What is the units digit of 568751?
1
What is the thousands digit of 3357541?
7
What is the ten thousands digit of 57695?
5
What is the thousands digit of 16168448?
8
What is the millions digit of 2046238?
2
What is the millions digit of 2466612?
2
What is the hundreds digit of 13628954?
9
What is the hundred thousands digit of 139894?
1
What is the tens digit of 88936?
3
What is the millions digit of 29117982?
9
What is the thousands digit of 3803165?
3
What is the ten thousands digit of 9812511?
1
What is the thousands digit of 130875?
0
What is the tens digit of 6923935?
3
What is the hundreds digit of 14860544?
5
What is the units digit of 2256551?
1
What is the ten millions digit of 12549967?
1
What is the thousands digit of 241564?
1
What is the hundred thousands digit of 830999?
8
What is the ten thousands digit of 337650?
3
What is the hundreds digit of 1324295?
2
What is the units digit of 7383578?
8
What is the units digit of 224103?
3
What is the hundreds digit of 1807087?
0
What is the tens digit of 20112528?
2
What is the thousands digit of 659324?
9
What is the units digit of 240381?
1
What is the hundreds digit of 28863941?
9
What is the ten thousands digit of 712021?
1
What is the units digit of 13960571?
1
What is the thousands digit of 948395?
8
What is the hundreds digit of 22765339?
3
What is the units digit of 416949?
9
What is the tens digit of 506341?
4
What is the thousands digit of 891516?
1
What is the hundreds digit of 335747?
7
What is the units digit of 3945242?
2
What is the thousands digit of 1317067?
7
What is the thousands digit of 2687897?
7
What is the hundred thousands digit of 4114272?
1
What is the millions digit of 8353663?
8
What is the millions digit of 28824733?
8
What is the units digit of 13751?
1
What is the thousands digit of 7381?
7
What is the units digit of 5163458?
8
What is the hundred thousands digit of 218148?
2
What is the hundreds digit of 275938?
9
What is the units digit of 597151?
1
What is the thousands digit of 293667?
3
What is the hundreds digit of 288126?
1
What is the millions digit of 7208056?
7
What is the tens digit of 3746708?
0
What is the ten thousands digit of 123092?
2
What is the tens digit of 3786262?
6
What is the tens digit of 13349109?
0
What is the units digit of 445161?
1
What is the hundred thousands digit of 266123?
2
What is the ten thousands digit of 38769?
3
What is the thousands digit of 686008?
6
What is the hundreds digit of 39275520?
5
What is the units digit of 2715256?
6
What is the ten thousands digit of 421588?
2
What is the tens digit of 6357902?
0
What is the tens digit of 2154732?
3
What is the units digit of 409289?
9
What is the hundred thousands digit of 980670?
9
What is the units digit of 19872669?
9
What is the tens digit of 10370748?
4
What is the thousands digit of 21147?
1
What is the 